5, 0 = l - a - 42. Suppose 5*o + t - 49 = -3*t, v*o + t = l. List the prime factors of o.
3
Suppose -3 = -5*p + 7. Suppose -4*h = p - 18. Suppose 15 = h*r - 17. List the prime factors of r.
2
Let k be -12*3/(-6) + -2. Suppose -3*p - 29 = -k*b + 43, -4*b + 80 = -p. What are the prime factors of 3/9*b/1?
7
Let k(r) = -r**3 + 5*r**2 + 7*r - 2. List the prime factors of k(6).
2
Suppose -6 = 5*l + 24. Let w = 25 + l. What are the prime factors of w?
19
Suppose 10 = 5*r - 10. What are the prime factors of ((-88)/(-6))/r*3?
11
Let i = -36 + 71. List the prime factors of i.
5, 7
Suppose -330 = -5*q + 5*k, 0 = -4*q - q - k + 360. List the prime factors of q.
71
Let i be (2/7)/((-12)/(-42)). Let o = 15 - i. What are the prime factors of o?
2, 7
Let o = -181 - -272. What are the prime factors of o?
7, 13
Let a = -39 - -87. List the prime factors of a.
2, 3
Let s(y) = y**2 - 33*y + 16. List the prime factors of s(33).
2
Let q = 489 - 307. What are the prime factors of q?
2, 7, 13
Suppose t - 2 + 24 = 0. Let z = -11 - t. List the prime factors of z.
11
Suppose -5*c - 2*x + 144 = 0, 2*x - 32 = -0*c - c. Suppose -7*v = -8*v + c. List the prime factors of v.
2, 7
Let t(y) = y**3 - 4*y**2 + 4*y - 2. Let j = 9 - 5. What are the prime factors of t(j)?
2, 7
Let b(y) be the first derivative of y**4/4 + 10*y**3/3 - y**2 - 5*y - 4. List the prime factors of b(-10).
3, 5
What are the prime factors of -3*(-83)/((1 - 2) + 2)?
3, 83
Let i(n) be the first derivative of 3*n**2/2 + 7*n - 9. List the prime factors of i(5).
2, 11
Suppose -5*b + 4*q + 2 = 0, 19 = -5*b - 3*q - 0. Let f(w) = 2*w**2 + 3*w + 3. List the prime factors of f(b).
5
Let t(a) = -38*a + 1. Let s be t(3). Let l = -79 - s. What are the prime factors of l?
2, 17
What are the prime factors of (-29 - -91)/(0 + 1/4)?
2, 31
Let r(z) be the first derivative of z**6/120 - z**5/12 + 5*z**3/6 - z**2/2 + 2. Let m(b) be the second derivative of r(b). List the prime factors of m(5).
5
Suppose -g - z = -2*g - 13, -g + 3*z = 23. Let c = g - -20. Let w = c + -5. List the prime factors of w.
7
Let k(u) = -u + 38. List the prime factors of k(0).
2, 19
Suppose 3 = 3*v, 2*y + 1 = 7*y + v. Let p be 0 + 2 + (2 - 2). Suppose 3*n + 3*t - 27 = y, 3*t + 6 = 2*n - p. What are the prime factors of n?
7
Suppose 401 = 3*y + 4*p, 0 = 4*y - 0*y + p - 552. List the prime factors of y.
139
Suppose -10 = -5*i + 3*i. Suppose 0 = -3*r + 1 + i. List the prime factors of 6 - (0 + (r - 0)).
2
List the prime factors of (232/145)/(1 - (-186)/(-190)).
2, 19
Let l(u) = u**2 + u + 5. Let x be l(0). Let b(d) = -d**3 + 4*d**2 + 3*d - 4. Let i be b(x). List the prime factors of 7/i*-6*1.
3
Let k = -3 - -4. List the prime factors of 3/(-3) - (k + -5).
3
Suppose 5*d = -34 + 259. List the prime factors of d.
3, 5
Suppose o - 40 = 4*n + n, -4*o + 5*n + 145 = 0. Suppose -2*l + o = 3*l. List the prime factors of l.
7
Let t be (16/5)/((-2)/(-20)). Let v be ((-21)/(-4))/(8/t). What are the prime factors of v + (4 - (5 - 2))?
2, 11
Let y = -87 - -198. List the prime factors of y.
3, 37
Let m(k) be the second derivative of -k**3/6 + k**2/2 - 2*k. Let c be m(-4). Let q(f) = f**2 - 3*f + 1. List the prime factors of q(c).
11
Let m = -51 - -72. Suppose -m = -3*y + 18. Suppose 3*v + 3 = 3*p, -5*p + y + 22 = 5*v. What are the prime factors of v?
3
Suppose -2 - 1 = -g. Suppose -2*p - 110 = -2*l, 2*p = g*l - 2*p - 163. Suppose 10*k - 7*k - l = 0. List the prime factors of k.
19
Let t(k) = -k**2 - 6*k + 4. Let w(a) = -a**2 - 5*a + 3. Let j(h) = -4*t(h) + 5*w(h). Let p be j(-2). List the prime factors of 3/p + 7 + -2.
2
Let p(r) = -r**2 - 3*r - 1. Let x(o) = 5*o**2 + 13*o + 4. Let y(j) = -9*p(j) - 2*x(j). Let b be y(3). Let v = -2 - b. List the prime factors of v.
3
Suppose 4*u + 2 = 5*u. What are the prime factors of u?
2
Let k(f) = f + 8. Let t be k(-8). Suppose 1 + t = o. What are the prime factors of o*(-5)/3*-3?
5
Suppose -4*j + 276 + 425 = 3*x, 3*x + 3*j - 702 = 0. What are the prime factors of x?
5, 47
What are the prime factors of 0 - (3 + -133) - 1?
3, 43
Let w be 2/10 + 1/(-5). Let p be (w - -3) + 12 + 1. List the prime factors of 2/(-8) - (-196)/p.
2, 3
Let j = -3 - -1. List the prime factors of 1/j - (-37)/2.
2, 3
Suppose -3*i + 18 = -69. List the prime factors of i.
29
Let y(k) = -3*k**2 - 3*k + 3. Let a(z) = -7*z**2 - 6*z + 6. Let g(w) = 2*a(w) - 5*y(w). What are the prime factors of g(3)?
3, 5
What are the prime factors of ((-112)/(-10))/(3/15)?
2, 7
Let n(h) = h**3 + 4*h**2 + 5. Let f be n(-4). Suppose 6*q - f*v = 4*q + 69, -2*v = -2*q + 66. List the prime factors of q/12 - 2/(-6).
3
Let m = 6 + -9. Let a = 8 - m. List the prime factors of a.
11
Let u be 30*(-5)/(75/24). Let d be (-8)/4 - u/2. List the prime factors of 1/(-2) + d/4.
5
Let x(q) = -q**3 + 17*q**2 - 2*q - 32. What are the prime factors of x(16)?
2, 3
Suppose 5*f = -m - 521 + 1440, -5*m + 203 = f. What are the prime factors of f?
3, 61
Let t = -12 - -10. List the prime factors of (4*-4)/(t/4).
2
Let p(c) = c**2 + 10*c - 19. List the prime factors of p(-14).
37
Suppose 5*u + 0*r - 4*r - 20 = 0, u = -2*r - 10. Suppose 5*c - 65 = -5*l, -5*l + 2*c + 60 + 5 = u. What are the prime factors of l?
13
Let l(n) = -5*n - 10*n**2 + 9*n**2 + 13*n + 1. List the prime factors of l(6).
13
Suppose -h + 5*h - 5*q = 1176, 2*q + 889 = 3*h. List the prime factors of h.
13, 23
Suppose 0*i = -i + 45. Let s = -11 - -17. Suppose 0 = -s*z + z + i. What are the prime factors of z?
3
Suppose 3*f = 2*f - 20. List the prime factors of 2/(-1 + f/(-16)).
2
Suppose -2*s = 71 - 181. List the prime factors of s.
5, 11
Suppose -5*t + n + 15 = 0, -3*n - 1 = -16. Suppose 0 - 11 = -f - 4*i, t*f = 4*i + 44. List the prime factors of f.
11
Suppose -6 - 8 = o + 5*s, 0 = 5*o - 4*s + 12. List the prime factors of 6/o*(-3 + 1).
3
Suppose 2*g - g + 4 = -w, w - 2*g = 8. Suppose -34 = -3*a + 5*f, 0 = 5*a - 5*f - w*f - 60. List the prime factors of a.
13
Suppose -3*m - m + 16 = 0. What are the prime factors of (-99)/(-12) - 1/m?
2
Let y(j) = j + 1. Let r be y(6). Suppose -2*q = 2*q. Suppose -4*t + 3*v + 72 = 0, q = -t + 2*v + r + 6. What are the prime factors of t?
3, 7
Let x be 2/(12/(-9))*-2. Suppose 5*p + t - 5 = 0, 14 = -x*p + 4*t - 6. Let k = p + 2. What are the prime factors of k?
2
Suppose -43 - 97 = -5*d. What are the prime factors of d?
2, 7
Suppose 3*l = 4*l - 17. What are the prime factors of l?
17
Let s = 5 + 1. Let i(o) = -o**3 + 5*o**2 + 6*o + 4. Let l be i(s). Suppose b - l*n - 2 = 22, -2*b + 12 = 4*n. List the prime factors of b.
2, 3
Let w = 67 + -7. Let a(u) = u**3 + 7*u**2 - 8*u + 5. Let f be a(-8). Suppose -14 = -3*s + 4*q, s = -3*s - f*q + w. What are the prime factors of s?
2, 5
Suppose -w = 3*p - 88 - 20, -3*w = 3*p - 300. List the prime factors of w.
2, 3
Let t(z) = z + 44. What are the prime factors of t(0)?
2, 11
Suppose -3*n = -n + 54. List the prime factors of 79/9 + (-6)/n.
3
Suppose -3*j = -9*j + 666. List the prime factors of j.
3, 37
Let r be 7/((-2 - -4)/(-2)). Let h(g) = -5*g + 7. Let a(d) = 11*d - 15. Let x(k) = 4*a(k) + 9*h(k). List the prime factors of x(r).
2, 5
Let w(j) = -2*j - 9. Let i be w(-8). Suppose -3*c + i*c = 60. List the prime factors of c.
3, 5
Let j(q) be the first derivative of -q**4/4 - 3*q**3 - 9*q**2/2 - 12*q - 2. Let d be j(-8). What are the prime factors of d/6 - (-87)/9?
3
Let y = 60 - 9. List the prime factors of y.
3, 17
Suppose 42 = -j - 3*f, 4*j = f - 273 + 40. Let d = -41 - j. List the prime factors of d.
2
Let f(t) = -t**3 + 7*t**2 + 9*t - 10. Let r be f(8). Let z(c) = 8*c**2 + 3*c + 5. What are the prime factors of z(r)?
31
Suppose -g - 162 = -4*l - 3*g, 0 = -4*g - 20. Suppose 5 + l = b. Suppose 0*t + 4*t - b = 0. List the prime factors of t.
2, 3
Let j = 220 + -51. List the prime factors of j.
13
Suppose 129 = 14*d - 11. What are the prime factors of d?
2, 5
Let m = -6 - -6. Suppose -5*v - 2*t = m, 0*t + 2*t = -v - 8. What are the prime factors of v?
2
Suppose -3*j = -4*j + 35. What are the prime factors of j?
5, 7
Suppose -h + 102 + 57 = 0. List the prime factors of h.
3, 53
Let j(w) = 18*w. List the prime factors of j(1).
2, 3
Let m(s) be the second derivative of -4*s + 0*s**2 + 7/6*s**4 + 0*s**3 + 0. What are the prime factors of m(1)?
2, 7
Suppose j + j = -4*l - 22,